{"id":1435,"date":"2025-02-25T10:54:41","date_gmt":"2025-02-25T10:54:41","guid":{"rendered":"https:\/\/master-cne.eu\/?page_id=1435"},"modified":"2026-02-11T10:33:16","modified_gmt":"2026-02-11T10:33:16","slug":"associated-partners","status":"publish","type":"page","link":"https:\/\/master-cne.eu\/index.php\/associated-partners\/","title":{"rendered":"Associated Partners"},"content":{"rendered":"[vc_row][vc_column]<h2 class=\"vcex-heading vcex-module wpex-text-2xl wpex-font-normal wpex-m-auto wpex-max-w-100 vcex-heading-bottom-border-w-color wpex-block wpex-text-center vc_custom_1740478474096 wpex-border-b-2 wpex-border-solid wpex-border-main\"><span class=\"vcex-heading-inner wpex-inline-block wpex-clr wpex-relative wpex-pb-5 wpex-border-b-2 wpex-border-solid wpex-border-accent\">Associated Partners<\/span><\/h2><div class=\"vcex-spacing wpex-w-100 wpex-clear\" style=\"height:20px;\"><\/div>[\/vc_column][\/vc_row][vc_row css=&#8221;.vc_custom_1740481879966{padding-bottom: 20px !important;}&#8221;][vc_column width=&#8221;1\/3&#8243;][vc_single_image image=&#8221;1458&#8243; alignment=&#8221;center&#8221; css=&#8221;.vc_custom_1740481197931{margin-bottom: 20px !important;}&#8221;][vc_column_text]\n<p lang=\"it-IT\" style=\"text-align: center;\">Laboratory Charles Coulomb,<br \/>\nCNRS-University of Montpellier, France<\/p>\n[\/vc_column_text][\/vc_column][vc_column width=&#8221;1\/3&#8243;][vc_single_image image=&#8221;1455&#8243; alignment=&#8221;center&#8221; css=&#8221;.vc_custom_1740481323857{margin-bottom: 20px !important;}&#8221;][vc_column_text]\n<p lang=\"it-IT\" style=\"text-align: center;\">Synthesis and Processing of Materials <small>(SYPMAT)<\/small><br \/>\nUniversity Carlos III, Madrid, Spain<\/p>\n[\/vc_column_text][\/vc_column][vc_column width=&#8221;1\/3&#8243;][vc_single_image image=&#8221;1456&#8243; alignment=&#8221;center&#8221; css=&#8221;.vc_custom_1740481474846{margin-bottom: 20px !important;}&#8221;][vc_column_text]\n<p lang=\"it-IT\" style=\"text-align: center;\">Research Department, Turin Polytechnic<br \/>\nUniversity in Tashkent, Uzbekistan<\/p>\n[\/vc_column_text][\/vc_column][\/vc_row][vc_row css=&#8221;.vc_custom_1740481903502{padding-bottom: 20px !important;}&#8221;][vc_column width=&#8221;1\/3&#8243;][vc_single_image image=&#8221;1447&#8243; alignment=&#8221;center&#8221; css=&#8221;.vc_custom_1740481632291{margin-bottom: 20px !important;}&#8221;][vc_column_text]\n<p lang=\"it-IT\" style=\"text-align: center;\">EC2M Laboratory, Faculty of Sciences 2<br \/>\nLebanese University, Fanar, Lebanon<\/p>\n[\/vc_column_text][\/vc_column][vc_column width=&#8221;1\/3&#8243;][vc_single_image image=&#8221;1460&#8243; alignment=&#8221;center&#8221; css=&#8221;.vc_custom_1740481728538{margin-bottom: 20px !important;}&#8221;][vc_column_text]\n<p lang=\"it-IT\" style=\"text-align: center;\">University of Science and Technology<br \/>\nHanoi, Vietnam<\/p>\n[\/vc_column_text][\/vc_column][vc_column width=&#8221;1\/3&#8243;][vc_single_image image=&#8221;1459&#8243; alignment=&#8221;center&#8221; css=&#8221;.vc_custom_1740481791850{margin-bottom: 20px !important;}&#8221;][vc_column_text]\n<p lang=\"it-IT\" style=\"text-align: center;\">The Global Innovative Center for Advanced Nanomaterials,<br \/>\nThe University of Newcastle, Australia<\/p>\n[\/vc_column_text][\/vc_column][\/vc_row][vc_row css=&#8221;.vc_custom_1740481903502{padding-bottom: 20px !important;}&#8221;][vc_column width=&#8221;1\/3&#8243;][vc_single_image image=&#8221;1453&#8243; alignment=&#8221;center&#8221; css=&#8221;.vc_custom_1740482885765{margin-bottom: 20px !important;}&#8221;][vc_column_text]\n<p lang=\"it-IT\" style=\"text-align: center;\">D\u00e9partement Chimie,<br \/>\nUniversit\u00e9 Cheikh Anta Diop, Dakar, S\u00e9n\u00e9gal<\/p>\n[\/vc_column_text][\/vc_column][vc_column width=&#8221;1\/3&#8243;][vc_single_image image=&#8221;1461&#8243; alignment=&#8221;center&#8221; css=&#8221;.vc_custom_1740482994948{margin-bottom: 20px !important;}&#8221;][vc_column_text]\n<p lang=\"it-IT\" style=\"text-align: center;\">Laboratory of Applied NanoScience,<br \/>\nUniversity of Applied Sciences and Arts Western Switzerland, Yverdon-les-Bains, Switzerland<\/p>\n[\/vc_column_text][\/vc_column][vc_column width=&#8221;1\/3&#8243;][vc_single_image image=&#8221;1467&#8243; alignment=&#8221;center&#8221; css=&#8221;.vc_custom_1740483793326{margin-bottom: 20px !important;}&#8221;][vc_column_text]\n<p lang=\"it-IT\" style=\"text-align: center;\">Top International Managers in Engineering<br \/>\nT.I.M.E. Association<\/p>\n[\/vc_column_text][\/vc_column][\/vc_row][vc_row css=&#8221;.vc_custom_1740481903502{padding-bottom: 20px !important;}&#8221;][vc_column width=&#8221;1\/3&#8243;][vc_single_image image=&#8221;1452&#8243; alignment=&#8221;center&#8221; css=&#8221;.vc_custom_1740482823407{margin-bottom: 20px !important;}&#8221;][vc_column_text]\n<p lang=\"it-IT\" style=\"text-align: center;\">Engineering School,<br \/>\nUniversidade Federal do Cear\u00e1, Fortaleza, Brasil<\/p>\n[\/vc_column_text][\/vc_column][vc_column width=&#8221;1\/3&#8243;][\/vc_column][vc_column width=&#8221;1\/3&#8243;][\/vc_column][\/vc_row][vc_row][vc_column]<h2 class=\"vcex-heading vcex-module wpex-text-2xl wpex-font-normal wpex-m-auto wpex-max-w-100 vcex-heading-bottom-border-w-color wpex-block wpex-text-center vc_custom_1740482342157 wpex-border-b-2 wpex-border-solid wpex-border-main\"><span class=\"vcex-heading-inner wpex-inline-block wpex-clr wpex-relative wpex-pb-5 wpex-border-b-2 wpex-border-solid wpex-border-accent\">Associated Industrial Partners<\/span><\/h2><div class=\"vcex-spacing wpex-w-100 wpex-clear\" style=\"height:20px;\"><\/div>[\/vc_column][\/vc_row][vc_row css=&#8221;.vc_custom_1740481903502{padding-bottom: 20px !important;}&#8221;][vc_column width=&#8221;1\/3&#8243;][vc_single_image image=&#8221;1450&#8243; alignment=&#8221;center&#8221; css=&#8221;.vc_custom_1740482007521{margin-bottom: 20px !important;}&#8221;][vc_column_text]\n<p lang=\"it-IT\" style=\"text-align: center;\">Prolabin-Tefarm<br \/>\nPerugia, Italy<\/p>\n[\/vc_column_text][\/vc_column][vc_column width=&#8221;1\/3&#8243;][vc_single_image image=&#8221;1474&#8243; alignment=&#8221;center&#8221; css=&#8221;.vc_custom_1740484874145{margin-bottom: 20px !important;}&#8221;][vc_column_text]\n<p lang=\"it-IT\" style=\"text-align: center;\">Dracula Technologies,<br \/>\nValence, France<\/p>\n[\/vc_column_text][\/vc_column][vc_column width=&#8221;1\/3&#8243;][vc_single_image image=&#8221;1475&#8243; alignment=&#8221;center&#8221; css=&#8221;.vc_custom_1740484965311{margin-bottom: 20px !important;}&#8221;][vc_column_text]\n<p lang=\"it-IT\" style=\"text-align: center;\">Nanores,<br \/>\nWroclaw, Poland<\/p>\n[\/vc_column_text][\/vc_column][\/vc_row][vc_row css=&#8221;.vc_custom_1740481903502{padding-bottom: 20px !important;}&#8221;][vc_column width=&#8221;1\/3&#8243;][vc_single_image image=&#8221;1499&#8243; alignment=&#8221;center&#8221; css=&#8221;.vc_custom_1770803573853{margin-bottom: 20px !important;}&#8221;][vc_column_text]\n<p lang=\"it-IT\" style=\"text-align: center;\">OPTIPUS-PV<br \/>\nMarseille, France<\/p>\n[\/vc_column_text][\/vc_column][vc_column width=&#8221;1\/3&#8243;][vc_single_image image=&#8221;1500&#8243; alignment=&#8221;center&#8221; css=&#8221;.vc_custom_1770803616413{margin-bottom: 20px !important;}&#8221;][vc_column_text]\n<p lang=\"it-IT\" style=\"text-align: center;\">OCSiAl<br \/>\nLaudelange, Luxembourg<\/p>\n[\/vc_column_text][\/vc_column][vc_column width=&#8221;1\/3&#8243;][\/vc_column][\/vc_row]\n","protected":false},"excerpt":{"rendered":"<p>[vc_row][vc_column][\/vc_column][\/vc_row][vc_row css=&#8221;.vc_custom_1740481879966{padding-bottom: 20px !important;}&#8221;][vc_column width=&#8221;1\/3&#8243;][vc_single_image image=&#8221;1458&#8243; alignment=&#8221;center&#8221; css=&#8221;.vc_custom_1740481197931{margin-bottom: 20px !important;}&#8221;][vc_column_text] Laboratory Charles Coulomb, CNRS-University of Montpellier, France [\/vc_column_text][\/vc_column][vc_column width=&#8221;1\/3&#8243;][vc_single_image image=&#8221;1455&#8243; alignment=&#8221;center&#8221; css=&#8221;.vc_custom_1740481323857{margin-bottom: 20px !important;}&#8221;][vc_column_text] Synthesis and Processing of Materials (SYPMAT) University Carlos III, Madrid, Spain [\/vc_column_text][\/vc_column][vc_column width=&#8221;1\/3&#8243;][vc_single_image image=&#8221;1456&#8243; alignment=&#8221;center&#8221; css=&#8221;.vc_custom_1740481474846{margin-bottom: 20px !important;}&#8221;][vc_column_text] Research Department, Turin Polytechnic University in Tashkent, Uzbekistan [\/vc_column_text][\/vc_column][\/vc_row][vc_row css=&#8221;.vc_custom_1740481903502{padding-bottom: 20px !important;}&#8221;][vc_column width=&#8221;1\/3&#8243;][vc_single_image&hellip;<\/p>\n","protected":false},"author":2,"featured_media":0,"parent":0,"menu_order":0,"comment_status":"closed","ping_status":"closed","template":"","meta":[],"_links":{"self":[{"href":"https:\/\/master-cne.eu\/index.php\/wp-json\/wp\/v2\/pages\/1435"}],"collection":[{"href":"https:\/\/master-cne.eu\/index.php\/wp-json\/wp\/v2\/pages"}],"about":[{"href":"https:\/\/master-cne.eu\/index.php\/wp-json\/wp\/v2\/types\/page"}],"author":[{"embeddable":true,"href":"https:\/\/master-cne.eu\/index.php\/wp-json\/wp\/v2\/users\/2"}],"replies":[{"embeddable":true,"href":"https:\/\/master-cne.eu\/index.php\/wp-json\/wp\/v2\/comments?post=1435"}],"version-history":[{"count":16,"href":"https:\/\/master-cne.eu\/index.php\/wp-json\/wp\/v2\/pages\/1435\/revisions"}],"predecessor-version":[{"id":1503,"href":"https:\/\/master-cne.eu\/index.php\/wp-json\/wp\/v2\/pages\/1435\/revisions\/1503"}],"wp:attachment":[{"href":"https:\/\/master-cne.eu\/index.php\/wp-json\/wp\/v2\/media?parent=1435"}],"curies":[{"name":"wp","href":"https:\/\/api.w.org\/{rel}","templated":true}]}}